0 - (4 + -4)) + 19 + -13.
-4
Evaluate (10 - 20) + (16 - 1).
5
-8 + 4 + -1 + 0
-5
Calculate 0 + 2 + -3 + 4 - -1.
4
What is -2 + (-7 - (-4 - -4 - 4))?
-5
Calculate 3 - (-4 + 11) - -8.
4
Calculate (-10 - -13) + -3 + 5 + 2.
7
Evaluate -11 + (-5 - -2 - -8) - -3.
-3
What is -259 + 251 + -2 + 1?
-9
Evaluate 1 - ((-1 - (-2 - 0)) + 4).
-4
What is the value of (-1 - -1) + -42 + 52?
10
What is the value of 4 - 1 - (4 + -8 + 1)?
6
Calculate -1 + -1 - (-47 + 45) - 2.
-2
Evaluate (10 + -3 - 2) + -6.
-1
-4 + (-9 + 2 - -5)
-6
Calculate (-8 - -7) + -5 - -5.
-1
Calculate (6 - 7) + -5 + 9 - -1.
4
1 + (-2 + 3 + 1 - 4)
-1
2 + ((-7 - -1) + 2 - -1)
-1
What is the value of 1 - (2 + -1 + (-23 - -23))?
0
What is the value of 7 + -26 + 12 - -1?
-6
Evaluate 6 + -11 + (-1 - -7 - -2).
3
What is 3 + (-2 - 3) + -20 + 17?
-5
-5 + -6 + -5 + 11
-5
Evaluate -3 + -3 + 10 + (5 - 4).
5
What is the value of (1 - 10) + (93 - 92)?
-8
Calculate 5 + -6 - (-3 + 1).
1
Calculate 6 + 1 + (19 - 23).
3
Evaluate 1 + -6 + 10 + 0.
5
Evaluate 6 + 6 + (0 - 0) + -9.
3
What is (2 - 0) + 0 - (3 + -3)?
2
-3 + 4 + (4 - 1)
4
What is the value of (12 + -3 - 20) + 8?
-3
-7 - (-2 + 0) - (4 + -13)
4
Evaluate 0 + 2 + -5 - (-4 + 5).
-4
Evaluate 3 - -1 - (6 - 7).
5
What is the value of -5 + 1 - (1 + -5)?
0
Calculate -6 + (16 - 12) - -5.
3
What is the value of (8 - 2) + (-5 - -10 - 4)?
7
What is the value of (5 - (-2 + 1)) + (-6 - 0)?
0
2 + 0 - (-5 - -4)
3
Evaluate (0 - 0 - 4) + 0.
-4
(18 - 12) + (-2 - 2)
2
What is the value of 0 + (4 - -3) + 1 + -4?
4
Calculate -13 + 19 + -9 + 3.
0
What is 34 - 13 - 9 - 22?
-10
Evaluate -1 - 1 - -2 - (79 - 79).
0
Evaluate -11 + 4 + 3 + -1 + 2.
-3
Calculate -13 + 11 + (1 - 0) + 2.
1
Evaluate 4 - (2 + (-4 - -1)).
5
What is 6 - ((-2 + 5 - 11) + 7)?
7
Calculate (3 + 0 - 8) + 6.
1
-3 - -9 - (-4 - (-22 + 5))
-7
What is -3 + -2 + -1 + 2 - -1?
-3
What is -11 - (-35 - -35 - (5 + -2))?
-8
What is 5 - (12 - 9) - -2?
4
Evaluate 40 - 42 - (-11 + -1).
10
Calculate 0 + -3 + 6 + -7.
-4
What is -1 - ((-6 - 0) + 10)?
-5
What is -2 + (0 - 0) + (1 - 4)?
-5
What is the value of 3 + -15 - (-3 - 0)?
-9
(2 - (11 + (7 - 11))) + 1
-4
Evaluate (8 - 2) + -19 + 12.
-1
Calculate 2 - 5 - (3 + -3 + 0).
-3
Evaluate 9 + -10 + 4 + 1 + -8.
-4
Evaluate (2 - (0 + 0) - 2) + 3.
3
Calculate 11 + (-9 - (-7 + 2)).
7
6 - 8 - (-4 + (-2 - -3))
1
3 - -2 - (1 + 1 + 2)
1
What is 0 + -1 + 7 - (0 - -4)?
2
What is -7 - ((-4 - -8) + -9 + 1)?
-3
What is 2 - (-3 - (1 - (2 + 0)))?
4
What is (-2 - 2) + -6 - (-12 + 8)?
-6
Evaluate 1 + 12 - (-1 - (5 - 12)).
7
What is (-10 - -12) + (0 + -2 - -6)?
6
Calculate -14 - (-6 - 4) - -8.
4
What is the value of 6 - -3 - (11 - -4)?
-6
(2 + -3 - 1) + 4 + -1
1
Evaluate 1 - (-9 + 1 - -7).
2
Calculate 2 + 6 + -9 - 3.
-4
What is the value of -3 + (4 + 5 - 5)?
1
Evaluate 9 - (20 + 2) - (-10 - -4).
-7
Evaluate (-3 + 6 - 6) + 5.
2
Evaluate -14 - (-1 + (-1 - -7) + -11).
-8
Evaluate 5 + (3 - 9 - -2) - -2.
3
What is -9 + 21 + 5 + -14?
3
What is the value of 5 + -2 - (-8 - -14)?
-3
Evaluate -2 + (14 - 5) + -5.
2
Calculate 10 - 5 - 0 - (2 - 0).
3
0 + 1 - (-9 + 8)
2
What is the value of 4 + -1 + (-2 - 4)?
-3
What is the value of 1 + -9 - -6 - -4?
2
Calculate 5 - (10 + (3 - 4)).
-4
What is -1 + 4 - (21 - (31 - 20))?
-7
What is the value of (1 - 2) + -1 + 3 + -5?
-4
What is the value of (-3 - (5 - -2)) + (-1 - -6)?
-5
3 - (8 + (-1 - 0))
-4
Evaluate 5 + -3 + (1 - -1).
4
What is (-1 - 0) + (-11 - -12) - 1?
-1
What is 1 + -2 - (20 - 19)?
-2
Calculate -3 - (0 - 1 - 3).
1
What is the value of -6 + 1 + 0 - -12?
7
(0 + -2 - -1) + 3 + -11
-9
What is 9 + (-6 - (-2 - -4))?
1
What is (-2 - 0) + -1 + 7?
4
What is 13 + 1 + -7 + -3?
4
-7 - -8 - (2 + 3 + -2)
-2
-2 + -1 - (0 - (-1 - -6))
2
What is (-1 + 4 + -3 - -2) + -7?
-5
What is -9 - (-8 + (5 - (9 + -4)))?
-1
What is the value of (1 - (-6 + 2 - -2)) + -1?
2
What is the value of 1 + -4 - (1 + (-3 - 0))?
-1
Evaluate -35 + 35 + 1 + 1 + -3.
-1
What is the value of 3 + 3 + (-1 - 2)?
3
-3 - -17 - (1 + 7)
6
What is 2 + (3 + -3 - -1)?
3
What is 12 + (9 - -1) + -25?
-3
What is -1 + (0 - 1 - 0) + 4?
2
Calculate 1 + -5 - (3 - 2).
-5
-2 + 2 - (2 - -4)
-6
Calculate 5 + -4 - 0 - 2.
-1
Evaluate -1 + 2 - (-17 + 16).
2
(-1 - 3) + -1 + -2
-7
3 + (2 - (-8 - -8))
5
Calculate 4 - (13 + -4 + 3 - 6).
-2
What is -6 - 0 - (-23 - -26)?
-9
0 - 2 - 1 - (5 - 3)
-5
What is -1 - (3 - ((3 - 6) + 1))?
-6
-1 - (8 + -4 - (6 + -4))
-3
Calculate 10 - (-6 - -1 - -9).
6
What is the value of 3 + 4 + -3 + -1?
3
2 + -6 + 8 + -7
-3
Evaluate (-3 - -3) + 1 - (1 - -1).
-1
What is the value of (-1 - (12 + -8 + -3)) + -2?
-4
Evaluate -10 - (-25 - (10 - 20)).
5
Calculate -4 + -5 + 10 + -1.
0
Evaluate (2 - 0) + -13 + (19 - 11).
-3
-1 - (0 + -8 - -2)
5
What is 12 + (-5 - 2) + -15?
-10
Evaluate 3 + 1 + 26 + -21 + -2.
7
Calculate 2 - (0 - -2 - -1).
-1
-4 + -4 + -2 + 8 - -3
1
Calculate (0 - (1 - 4)) + -1 - 4.
-2
Evaluate (-4 - (-11 + 1)) + 3 - 2.
7
Evaluate -3 - 2 - (-3 + 4 + -2).
-4
What is (-8 - (3 + -9)) + -2?
-4
Evaluate 10 + 7 + -7 - 9.
1
-1 + 2 - (0 - (-2 - -4))
3
5 - ((-3 - 1) + 8)
1
Evaluate -1 + 1 + -60 + 56.
-4
-4 + 8 + (-5 - 0)
-1
What is (-19 - -20 - (1 - 8)) + -3?
5
What is (-30 + 14 - -19) + (-6 - 0)?
-3
Evaluate (-21 - -20) + (2 - 4).
-3
What is 0 + -1 - (-5 + 1 + 7)?
-4
Evaluate (6 - (11 - 7)) + -11.
-9
Evaluate 5 - ((2 - 1) + -3 - -9).
-2
Calculate -2 + 4 - (35 + -27).
-6
(2 - 11 - -11) + 0 + 2
4
Calculate (-8 - -11) + (-1 - 2) - 2.
-2
What is the value of 8 - (-11 + 6) - (6 - 0)?
7
What is the value of 7 + -1 + (-1 - 7)?
-2
Calculate -4 + 1 + (10 - -7) + -10.
4
What is (15 - (-9 - -19)) + (-3 - 0)?
2
What is 4 - 1 - (1 + (4 - 3))?
1
Evaluate (-7 - (-1 + 3)) + (4 - 1).
-6
What is the value of 0 - -4 - (7 - -2)?
-5
Evaluate -2 + -1 + 2 + 2 + -2.
-1
What is the value of -7 + 16 + -3 - 2 - 6?
-2
Calculate -8 + -5 - -7 - -9.
3
Evaluate 2 - (31 + -35 - (-7 + 0)).
-1
What is the value of 4 + -3 + 0 + 2 + 5?
8
What is (-48 + 57 - (7 + -1)) + 0?
3
What is the value of (-1 - (3 + -6) - 2) + 0?
0
Calculate -7 + -5 + -8 + 17 + -6.
-9
Calculate 11 - (-17 - -9 - -17).
2
What is -2 + (-4 - 1 - (-12 - -7))?
-2
What is 8 + -2 + -40 + 33?
-1
Calculate 3 - (1 + 7 - (-51 - -53)).
-3
-9 + 3 + 7 + -10
-9
Evaluate 6 + -1 + -23 + 27 + -12.
-3
What is the value of 3 - (7 + 2 + -2) - 0?
-4
Calculate 16 + -10 + -16 + 15.
5
What is the value of (2 - 10 - -7) + -3?
-4
(-3 - (3 - (0 + 2))) + -1
-5
0 + (-2 - (-5 + 3)) - 3
-3
Calculate 1 - -2 - (105 - 104).
2
(-7 - -5) + (2 - -6)
6
Evaluate -115 + 115 - (0 - (-1 - -7)).
6
What is the value of 4 - 1 - (20 - 15)?
-2
Evaluate 1 + 5 + (-8 - -5) + -4.
-1
Evaluate (2 - -1 - -1) + -5 - -3.
2
What is the value of 2 + -1 - (6 + -7) - 7?
-5
What is -5 + 0 + (-1 - (-5 - -2))?
-3
What is 0 + 3 + (25 - 22)?
6
Calculate 11 - (1 + -2) - 6.
6
8 - 13 - (1 - 6)
0
What is the value of -1 - (0 - 2) - (1 - 0)?
0
-11 - -7 - (-1 - -1)
-4
What is the value of -8 + -7 + (-8 - -16)?
-7
Calculate 0 + 1 + (-39 - -39).
1
What is -2 - (3 + -5) - (-14 - -9)?
5
Calculate (2 - 9 - (-3 - 6)) + -4.
-2
Evaluate 0 - 0 - (-3 + 1).
2
What is 8 + -2 - (9 + 1 + -13)?
9
Calculate (1 - 1) + (12 - 9).
3
Evaluate (-1 + -1 - (17 + -15)) + 2.
-2
Evaluate (3 - -1 - 8) + -5.
-9
(4 + -2 + -2 - -1) + -4
-3
Calculate (0 - 0) + (-6 - -3) + -2.
-5
What is 7 + 0 + -2 + -2 + -2?
1
-7 + 6 - (2 - 4 - -4)
-3
What is 1 - (6 + -1 + -4)?
0
What is (-3 + 8 - -5) + -4?
6
What is the value of 1 + 1 + 1 + -3?
0
Calculate 2 + 2 + 0 + -4.
0
Evaluate -4 + (-3 - -2) - -9.
4
(-5 - -12) + (1 - 2)
6
Calculate 1 - 1 - 2 - (30 - 36).
4
Evaluate (1 - (7 - 4)) + -3.
-5
Calculate -1 + (-9 - -1) + 14 + -7.
-2
Calculate 0 + 5 + -7 - (-1 - -1).
-2
0 - 1 - (14 + -36 + 19)
2
What is the value of 5 + 7 + 4 + -7?
9
113 + -109 - (-1 + 1 + -2)
6
-1 - -1 - (-36 + 32)
4
What is the value of (-2 - (1 - 6)) + 2?
5
Evaluate 15 + -12 + -13 - -15.
5
What is the value of 6 + -8 + 7 - -3?
8
Evaluate 1 - (-5 + (6 - 5)).
5
2 - (-4 - 0) - (1 - -2)
3
What is the value of -26 + 28 + (-2 - -4)?
4
Calculate -2 - ((-7 - -1) + 4).
0
Calculate 4 - ((-11 - -2) + 3 + 14).
-4
What is -18 + 25 - (-2 + 11 - 0)?
-2
What is the value of (5 - 5) + -6 - -5?
-1
What is the value of 0 + -2 + -4 + 4?
-2
What is the value of (-10 - -8 - -3) + -4?
-3
Evaluate 2 + 2 + -2 + -2.
0
Evaluate (-1 - (2 + (-2 -